{"id":22,"date":"2018-04-04T11:06:39","date_gmt":"2018-04-04T09:06:39","guid":{"rendered":"http:\/\/www.studiomedicomadonia.it\/chirurgia-ortopedica-palermo\/?page_id=22"},"modified":"2018-04-04T11:33:39","modified_gmt":"2018-04-04T09:33:39","slug":"curriculum","status":"publish","type":"page","link":"https:\/\/www.studiomedicomadonia.it\/chirurgia-ortopedica-palermo\/curriculum\/","title":{"rendered":"Curriculum"},"content":{"rendered":"<h2 style=\"text-align: center;\"><strong>Dr. GIOVANNI MADONIA<\/strong><\/h2>\n<p><strong>Dati anagrafici<\/strong><br \/>\nNato a Palermo, il 07\/08\/1964<\/p>\n<p><strong>Formazione<\/strong><\/p>\n<ul>\n<li>Studi Secondari &#8211; Liceo Classico .<\/li>\n<li>Diploma di maturit\u00e0 classica onseguito nell&#8217;anno 1983 a Palermo.<\/li>\n<li>Laurea in Medicina e Chirurgia conseguita nell&#8217;anno 1989 presso l&#8217;Universit\u00e0 degli studi di Palermo.<\/li>\n<li>Superamento del Concorso di accesso alla Specializzazione in Chirurgia Ortopedica.<\/li>\n<li>Specializzazione in Chirurgia Ortopedica conseguita nel dicembre 1994 presso l&#8217;Universit\u00e0 di Palermo.<\/li>\n<li>D.I.U. di Artroscopia nell&#8217;anno 1997-1998\/FRANCIA<\/li>\n<\/ul>\n<p><strong>Titoli e funzioni ospedaliere e universitarie<\/strong><\/p>\n<ul>\n<li>Dirigente del Servizio Sanitariodel Contingente Italiano nella Missione Militare &#8220;Airone&#8221; in Irak ed in Turchia in collaborazione con le Forze Multinazionali (O.N.U) ed esperienze sulla traumatologia di guerra nell&#8217;Ospedale Militare da campo dell&#8217;Aviazione militare degli Stati Uniti.<\/li>\n<li>Assistente presso la Clinique E. De Vialar a Lione dall&#8217;ottobre 1993 all&#8217;ottobre 1995.<br \/>\nPERFEZIONAMENTO presso il Reparto di Ortopedia &#8211; Prof. DEJOUR a Lione dall&#8217;ottobre 1993 all&#8217;ottobre 1995: Esperienza e perfezionamento teorico pratico sulla Chirurgia del Ginocchio (Prof. DEJOUR), Traumatologia dello Sport (Prof. NEYRET), Chirurgia della Spalla (Prof. WALCH), Chirurgia dell&#8217;Anca (Prof. CATON).<\/li>\n<li>Corso di perfezionamento pratico presso il Centro di Traumatologia e Ortopedia di Illkirch a Strasburgo, diretto dal Prof. Kehr dal 1 Novembre al 30 Aprile 1996: Esperienza pratica sulla tecnica dell&#8217;inchiodamento endomidollare nelle fratture delle ossa lunghe, secondo il metodo di GROSSE e KEMPF.<\/li>\n<li>Assistentespecialista in Chirurgia Ortopedica presso il Centro Ospedaliero Universitario di Aix &#8211; Marsiglia nel Reparto di Chirurgia Polivalente dal I giugno 1996 al I giugno 1998.<\/li>\n<li>Responsabile della U.O. di Ortotraumatologia della Casa di Cure Cosentino dal marzo 1999.<\/li>\n<\/ul>\n<p><strong>TITOLI SCIENTIFICI<\/strong><\/p>\n<ul>\n<li>Membro della societ\u00e0 Italiana della Chirurgia della Spalla.<\/li>\n<\/ul>\n<p><strong>DOCENZE<\/strong><\/p>\n<ul>\n<li>Nel 1996 e nel 1997: Corso di Traumatologia agli Allievi infermieri del primo e del secondo anno presso il Centro Ospedaliero Universitario di Aix &#8211; Marsiglia.<\/li>\n<\/ul>\n<p><strong>LAVORI SCIENTIFICI<\/strong><\/p>\n<ul>\n<li>Ottava giornata Lionese di Chirurgia dei ginocchio &#8211; 1995:<\/li>\n<li>&#8220;Les reprises des ligamentes synthetiques&#8221; (I reinterventi sui legamenti sintetici) P. REYNAUD, PH. DEROCHE, G. MADONIA<\/li>\n<li>&#8220;Les sinovites villo-nodulaires h\u00e9mopigment\u00e9es&#8221; (Le sinoviti villo-nodulari emopgmentate del ginocchio) J.P. CARRET, G. MADONIA<\/li>\n<li>&#8220;Le genou varum constitutionnel excessif du sujet jeune: indication du traitment chirurgical&#8221; (Il ginocchio varo costituzionale nel soggetto giovane: indicazioni sul trattamento chirurgico) F. SADILE, C. MEROZ, D. DEJOUR, A. KUAN, G. MADONIA<\/li>\n<li>&#8220;Le proth\u00e9ses HLS II post\u00e9ro stabilise\u00e9s. Resultats \u00e0 moyen terme d&#8217;une s\u00e9rie de 118 cas&#8221;. (Le protesi di ginocchio &#8220;HLS II&#8221;, postero stabilizzante, risultati a medio termine di una serie di 118 casi) D. DEJOUR, L. GARROTTA, G. MADONIA<\/li>\n<li>&#8220;Les proth\u00e9ses HLS II avec conservatio du LCP. R\u00e9sultats \u00e0 moyen terme d&#8217;une s\u00e9rie de 138 cas&#8221; (&#8220;Le protesi HLS II con conservazione del legamento crociato posteriore. Risultati a medio termine di una serie di 138 casi&#8221;) D.DEJOUR, L. GARROTTA, G. MADONIA<\/li>\n<li>Inserto redazionale ad Atletica Studi n\u00b0 5\/6, settembre\/dicembre 1995<\/li>\n<li>&#8220;Il conflitto glenoideo postero superiore. Nuove Prospettive.&#8221; G. MADONIA, G. WALCH<br \/>\n79mo Congresso SOTIMI, 1\/3 febbraio 1996:<\/li>\n<li>&#8220;Lesioni nascoste dell&#8217;intervallo dei rotatori nelle rotture del sovraspinato&#8221; G. MADONIA, G. WALCH<br \/>\n81mo Congresso SOTIMI, marzo 1997:<\/li>\n<li>&#8220;Trattamento dell&#8217;alluce valgo, secondo la tecnica di Hohmann&#8221; G. MADONIA, G. COPIN (Strasburgo)<br \/>\n&#8220;La nostra esperienza con l&#8217;osteotomia metatarsale a coda di rondine&#8221; G. MADONIA, G. COPIN (Strasburgo)<\/li>\n<li>Giornata Lionese dell&#8217;anca, dicembre 1997:<\/li>\n<li>&#8220;Loosening of total HIP arthroplasty cemented total HIP replacement in one stage using charnley low friction arthoplasty J. CATON, G. MADONIA, A. BOULAHIA<\/li>\n<li>7ma giornata PHARMAT 1997, Bordeaux:<\/li>\n<li>&#8220;Mise a point sur le mat\u00e8rial utilis\u00e8 pour le traitment des fractures diaphysaires du membre inferieur&#8221; I. RIVIERE, G. MADONIA<\/li>\n<li>Giornate della Chirurgia della spalla, Pavia giugno 1998.<\/li>\n<li>&#8220;Acromioplastica e\/o tenotomia del capo lungo del bicipite nel trattamento artroscopico delle rotture totali della cuffia dei rotatori&#8221; G. MADONIA, G. WALCH<\/li>\n<li>Atti 86mo Congresso SOTTIMI giugno 1999<\/li>\n<li>\u201cRotture bilaterali di legamento crociato anteriore e stenosi dello spazio intercondiloideo\u201d<br \/>\nG. MADONIA, P. LAFLORESTA, P. CHAMBAT<\/li>\n<li>La cuffia dei ruotatori della spalla, Roma marzo 2001<\/li>\n<li>\u201cAcromioplastica e tenotomia del capo lungo del bicipite nel trattamento artroscopico delle rotture della cuffia dei ruotatori\u201d<br \/>\nG. MADONIA, G. WALCH<\/li>\n<li>Artropatie della Spalla &#8211; Chirurgia e Riabilitazione Roma marzo 2003<\/li>\n<li>&#8220;Trattamento Artoscopico delle Rotture non Riparabili della Cuffia dei Ruotatori&#8221;<br \/>\nG. MADONIA, G. WALCH<\/li>\n<\/ul>\n","protected":false},"excerpt":{"rendered":"<p>Dr. GIOVANNI MADONIA Dati anagrafici Nato a Palermo, il 07\/08\/1964 Formazione Studi Secondari &#8211; Liceo Classico . Diploma di maturit\u00e0 classica onseguito nell&#8217;anno 1983 a Palermo. Laurea in Medicina e &#8230;<\/p>\n","protected":false},"author":1,"featured_media":0,"parent":0,"menu_order":0,"comment_status":"closed","ping_status":"closed","template":"template-fullwidth.php","meta":{"footnotes":""},"class_list":["post-22","page","type-page","status-publish","hentry"],"yoast_head":"<!-- This site is optimized with the Yoast SEO plugin v27.5 - https:\/\/yoast.com\/product\/yoast-seo-wordpress\/ -->\n<title>Curriculum - Dottore Giovanni Madonia - Specialista in Chirurgia Ortopedica - Traumatologia dello Sport e Artroscopia - Palermo<\/title>\n<meta name=\"robots\" content=\"index, follow, max-snippet:-1, max-image-preview:large, max-video-preview:-1\" \/>\n<link rel=\"canonical\" href=\"https:\/\/www.studiomedicomadonia.it\/chirurgia-ortopedica-palermo\/curriculum\/\" \/>\n<meta property=\"og:locale\" content=\"it_IT\" \/>\n<meta property=\"og:type\" content=\"article\" \/>\n<meta property=\"og:title\" content=\"Curriculum - Dottore Giovanni Madonia - Specialista in Chirurgia Ortopedica - Traumatologia dello Sport e Artroscopia - Palermo\" \/>\n<meta property=\"og:description\" content=\"Dr. GIOVANNI MADONIA Dati anagrafici Nato a Palermo, il 07\/08\/1964 Formazione Studi Secondari &#8211; Liceo Classico . Diploma di maturit\u00e0 classica onseguito nell&#8217;anno 1983 a Palermo. Laurea in Medicina e ...\" \/>\n<meta property=\"og:url\" content=\"https:\/\/www.studiomedicomadonia.it\/chirurgia-ortopedica-palermo\/curriculum\/\" \/>\n<meta property=\"og:site_name\" content=\"Dottore Giovanni Madonia - Specialista in Chirurgia Ortopedica - Traumatologia dello Sport e Artroscopia - Palermo\" \/>\n<meta property=\"article:modified_time\" content=\"2018-04-04T09:33:39+00:00\" \/>\n<meta name=\"twitter:card\" content=\"summary_large_image\" \/>\n<meta name=\"twitter:label1\" content=\"Tempo di lettura stimato\" \/>\n\t<meta name=\"twitter:data1\" content=\"3 minuti\" \/>\n<script type=\"application\/ld+json\" class=\"yoast-schema-graph\">{\"@context\":\"https:\\\/\\\/schema.org\",\"@graph\":[{\"@type\":\"WebPage\",\"@id\":\"https:\\\/\\\/www.studiomedicomadonia.it\\\/chirurgia-ortopedica-palermo\\\/curriculum\\\/\",\"url\":\"https:\\\/\\\/www.studiomedicomadonia.it\\\/chirurgia-ortopedica-palermo\\\/curriculum\\\/\",\"name\":\"Curriculum - Dottore Giovanni Madonia - Specialista in Chirurgia Ortopedica - Traumatologia dello Sport e Artroscopia - Palermo\",\"isPartOf\":{\"@id\":\"https:\\\/\\\/www.studiomedicomadonia.it\\\/chirurgia-ortopedica-palermo\\\/#website\"},\"datePublished\":\"2018-04-04T09:06:39+00:00\",\"dateModified\":\"2018-04-04T09:33:39+00:00\",\"breadcrumb\":{\"@id\":\"https:\\\/\\\/www.studiomedicomadonia.it\\\/chirurgia-ortopedica-palermo\\\/curriculum\\\/#breadcrumb\"},\"inLanguage\":\"it-IT\",\"potentialAction\":[{\"@type\":\"ReadAction\",\"target\":[\"https:\\\/\\\/www.studiomedicomadonia.it\\\/chirurgia-ortopedica-palermo\\\/curriculum\\\/\"]}]},{\"@type\":\"BreadcrumbList\",\"@id\":\"https:\\\/\\\/www.studiomedicomadonia.it\\\/chirurgia-ortopedica-palermo\\\/curriculum\\\/#breadcrumb\",\"itemListElement\":[{\"@type\":\"ListItem\",\"position\":1,\"name\":\"Home\",\"item\":\"https:\\\/\\\/www.studiomedicomadonia.it\\\/chirurgia-ortopedica-palermo\\\/\"},{\"@type\":\"ListItem\",\"position\":2,\"name\":\"Curriculum\"}]},{\"@type\":\"WebSite\",\"@id\":\"https:\\\/\\\/www.studiomedicomadonia.it\\\/chirurgia-ortopedica-palermo\\\/#website\",\"url\":\"https:\\\/\\\/www.studiomedicomadonia.it\\\/chirurgia-ortopedica-palermo\\\/\",\"name\":\"Dottore Giovanni Madonia - Specialista in Chirurgia Ortopedica - Traumatologia dello Sport e Artroscopia - Palermo\",\"description\":\"\",\"publisher\":{\"@id\":\"https:\\\/\\\/www.studiomedicomadonia.it\\\/chirurgia-ortopedica-palermo\\\/#organization\"},\"potentialAction\":[{\"@type\":\"SearchAction\",\"target\":{\"@type\":\"EntryPoint\",\"urlTemplate\":\"https:\\\/\\\/www.studiomedicomadonia.it\\\/chirurgia-ortopedica-palermo\\\/?s={search_term_string}\"},\"query-input\":{\"@type\":\"PropertyValueSpecification\",\"valueRequired\":true,\"valueName\":\"search_term_string\"}}],\"inLanguage\":\"it-IT\"},{\"@type\":\"Organization\",\"@id\":\"https:\\\/\\\/www.studiomedicomadonia.it\\\/chirurgia-ortopedica-palermo\\\/#organization\",\"name\":\"Dottore Giovanni Madonia - Specialista in Chirurgia Ortopedica - Traumatologia dello Sport e Artroscopia - Palermo\",\"url\":\"https:\\\/\\\/www.studiomedicomadonia.it\\\/chirurgia-ortopedica-palermo\\\/\",\"logo\":{\"@type\":\"ImageObject\",\"inLanguage\":\"it-IT\",\"@id\":\"https:\\\/\\\/www.studiomedicomadonia.it\\\/chirurgia-ortopedica-palermo\\\/#\\\/schema\\\/logo\\\/image\\\/\",\"url\":\"https:\\\/\\\/www.studiomedicomadonia.it\\\/chirurgia-ortopedica-palermo\\\/wp-content\\\/uploads\\\/2018\\\/04\\\/logo-madonia-3.png\",\"contentUrl\":\"https:\\\/\\\/www.studiomedicomadonia.it\\\/chirurgia-ortopedica-palermo\\\/wp-content\\\/uploads\\\/2018\\\/04\\\/logo-madonia-3.png\",\"width\":450,\"height\":108,\"caption\":\"Dottore Giovanni Madonia - Specialista in Chirurgia Ortopedica - Traumatologia dello Sport e Artroscopia - Palermo\"},\"image\":{\"@id\":\"https:\\\/\\\/www.studiomedicomadonia.it\\\/chirurgia-ortopedica-palermo\\\/#\\\/schema\\\/logo\\\/image\\\/\"}}]}<\/script>\n<!-- \/ Yoast SEO plugin. -->","yoast_head_json":{"title":"Curriculum - Dottore Giovanni Madonia - Specialista in Chirurgia Ortopedica - Traumatologia dello Sport e Artroscopia - Palermo","robots":{"index":"index","follow":"follow","max-snippet":"max-snippet:-1","max-image-preview":"max-image-preview:large","max-video-preview":"max-video-preview:-1"},"canonical":"https:\/\/www.studiomedicomadonia.it\/chirurgia-ortopedica-palermo\/curriculum\/","og_locale":"it_IT","og_type":"article","og_title":"Curriculum - Dottore Giovanni Madonia - Specialista in Chirurgia Ortopedica - Traumatologia dello Sport e Artroscopia - Palermo","og_description":"Dr. GIOVANNI MADONIA Dati anagrafici Nato a Palermo, il 07\/08\/1964 Formazione Studi Secondari &#8211; Liceo Classico . Diploma di maturit\u00e0 classica onseguito nell&#8217;anno 1983 a Palermo. Laurea in Medicina e ...","og_url":"https:\/\/www.studiomedicomadonia.it\/chirurgia-ortopedica-palermo\/curriculum\/","og_site_name":"Dottore Giovanni Madonia - Specialista in Chirurgia Ortopedica - Traumatologia dello Sport e Artroscopia - Palermo","article_modified_time":"2018-04-04T09:33:39+00:00","twitter_card":"summary_large_image","twitter_misc":{"Tempo di lettura stimato":"3 minuti"},"schema":{"@context":"https:\/\/schema.org","@graph":[{"@type":"WebPage","@id":"https:\/\/www.studiomedicomadonia.it\/chirurgia-ortopedica-palermo\/curriculum\/","url":"https:\/\/www.studiomedicomadonia.it\/chirurgia-ortopedica-palermo\/curriculum\/","name":"Curriculum - Dottore Giovanni Madonia - Specialista in Chirurgia Ortopedica - Traumatologia dello Sport e Artroscopia - Palermo","isPartOf":{"@id":"https:\/\/www.studiomedicomadonia.it\/chirurgia-ortopedica-palermo\/#website"},"datePublished":"2018-04-04T09:06:39+00:00","dateModified":"2018-04-04T09:33:39+00:00","breadcrumb":{"@id":"https:\/\/www.studiomedicomadonia.it\/chirurgia-ortopedica-palermo\/curriculum\/#breadcrumb"},"inLanguage":"it-IT","potentialAction":[{"@type":"ReadAction","target":["https:\/\/www.studiomedicomadonia.it\/chirurgia-ortopedica-palermo\/curriculum\/"]}]},{"@type":"BreadcrumbList","@id":"https:\/\/www.studiomedicomadonia.it\/chirurgia-ortopedica-palermo\/curriculum\/#breadcrumb","itemListElement":[{"@type":"ListItem","position":1,"name":"Home","item":"https:\/\/www.studiomedicomadonia.it\/chirurgia-ortopedica-palermo\/"},{"@type":"ListItem","position":2,"name":"Curriculum"}]},{"@type":"WebSite","@id":"https:\/\/www.studiomedicomadonia.it\/chirurgia-ortopedica-palermo\/#website","url":"https:\/\/www.studiomedicomadonia.it\/chirurgia-ortopedica-palermo\/","name":"Dottore Giovanni Madonia - Specialista in Chirurgia Ortopedica - Traumatologia dello Sport e Artroscopia - Palermo","description":"","publisher":{"@id":"https:\/\/www.studiomedicomadonia.it\/chirurgia-ortopedica-palermo\/#organization"},"potentialAction":[{"@type":"SearchAction","target":{"@type":"EntryPoint","urlTemplate":"https:\/\/www.studiomedicomadonia.it\/chirurgia-ortopedica-palermo\/?s={search_term_string}"},"query-input":{"@type":"PropertyValueSpecification","valueRequired":true,"valueName":"search_term_string"}}],"inLanguage":"it-IT"},{"@type":"Organization","@id":"https:\/\/www.studiomedicomadonia.it\/chirurgia-ortopedica-palermo\/#organization","name":"Dottore Giovanni Madonia - Specialista in Chirurgia Ortopedica - Traumatologia dello Sport e Artroscopia - Palermo","url":"https:\/\/www.studiomedicomadonia.it\/chirurgia-ortopedica-palermo\/","logo":{"@type":"ImageObject","inLanguage":"it-IT","@id":"https:\/\/www.studiomedicomadonia.it\/chirurgia-ortopedica-palermo\/#\/schema\/logo\/image\/","url":"https:\/\/www.studiomedicomadonia.it\/chirurgia-ortopedica-palermo\/wp-content\/uploads\/2018\/04\/logo-madonia-3.png","contentUrl":"https:\/\/www.studiomedicomadonia.it\/chirurgia-ortopedica-palermo\/wp-content\/uploads\/2018\/04\/logo-madonia-3.png","width":450,"height":108,"caption":"Dottore Giovanni Madonia - Specialista in Chirurgia Ortopedica - Traumatologia dello Sport e Artroscopia - Palermo"},"image":{"@id":"https:\/\/www.studiomedicomadonia.it\/chirurgia-ortopedica-palermo\/#\/schema\/logo\/image\/"}}]}},"_links":{"self":[{"href":"https:\/\/www.studiomedicomadonia.it\/chirurgia-ortopedica-palermo\/wp-json\/wp\/v2\/pages\/22","targetHints":{"allow":["GET"]}}],"collection":[{"href":"https:\/\/www.studiomedicomadonia.it\/chirurgia-ortopedica-palermo\/wp-json\/wp\/v2\/pages"}],"about":[{"href":"https:\/\/www.studiomedicomadonia.it\/chirurgia-ortopedica-palermo\/wp-json\/wp\/v2\/types\/page"}],"author":[{"embeddable":true,"href":"https:\/\/www.studiomedicomadonia.it\/chirurgia-ortopedica-palermo\/wp-json\/wp\/v2\/users\/1"}],"replies":[{"embeddable":true,"href":"https:\/\/www.studiomedicomadonia.it\/chirurgia-ortopedica-palermo\/wp-json\/wp\/v2\/comments?post=22"}],"version-history":[{"count":1,"href":"https:\/\/www.studiomedicomadonia.it\/chirurgia-ortopedica-palermo\/wp-json\/wp\/v2\/pages\/22\/revisions"}],"predecessor-version":[{"id":23,"href":"https:\/\/www.studiomedicomadonia.it\/chirurgia-ortopedica-palermo\/wp-json\/wp\/v2\/pages\/22\/revisions\/23"}],"wp:attachment":[{"href":"https:\/\/www.studiomedicomadonia.it\/chirurgia-ortopedica-palermo\/wp-json\/wp\/v2\/media?parent=22"}],"curies":[{"name":"wp","href":"https:\/\/api.w.org\/{rel}","templated":true}]}}